22 + -6854?
150868
In base 14, what is 9359 + 21ba?
b535
In base 3, what is 11122 + 12200022120022?
12200022201221
In base 12, what is 15938a5 - 61?
1593844
In base 2, what is 110101110 + 111011111000011011101?
111011111001010001011
In base 2, what is 0 + 11010111101111111010101?
11010111101111111010101
In base 6, what is 323 + 42221140?
42221503
In base 10, what is 39162 - 39?
39123
In base 3, what is -100 - 11221110021102121?
-11221110021102221
In base 7, what is -3303552 - 111?
-3303663
In base 15, what is -9800 - 24?
-9824
In base 6, what is 3333431 - 10150?
3323241
In base 10, what is -5 - -15658778?
15658773
In base 6, what is 11 + -12023033?
-12023022
In base 12, what is 2 + -260a156?
-260a154
In base 15, what is 1 - 1bc60ab?
-1bc60aa
In base 13, what is -5 - -62183b71?
62183b69
In base 2, what is 101011001000110010 + -101?
101011001000101101
In base 15, what is 3 + 68c54?
68c57
In base 11, what is -271080 - 1961?
-272a31
In base 4, what is -1101220 + -100203223?
-101311103
In base 16, what is -b - -268bca?
268bbf
In base 14, what is 3c24bb - 5?
3c24b6
In base 12, what is 2a2 + 57bb?
5aa1
In base 5, what is 4 + -42140121003?
-42140120444
In base 11, what is 6264972 - 2?
6264970
In base 13, what is -4 + 1a06cc27?
1a06cc23
In base 14, what is -954839 + 9?
-954830
In base 7, what is 146552 - 36516?
110033
In base 6, what is -1045044414 + 21?
-1045044353
In base 14, what is -15ca2a + 190?
-15c87a
In base 2, what is 1011110011101001101 + 110001?
1011110011101111110
In base 3, what is 102120222210110211 + -10?
102120222210110201
In base 11, what is 303a68 - 298?
303780
In base 5, what is -422244112443 + -1?
-422244112444
In base 2, what is 1100001110011100 - -111000001100?
1101000110101000
In base 2, what is -10100111011011011011001001101 - 100?
-10100111011011011011001010001
In base 5, what is -113230140443 - 2?
-113230141000
In base 10, what is -2713 - 132527?
-135240
In base 9, what is 301 + -20818?
-20517
In base 2, what is 100010110011110111011 - -111000010?
100010110100101111101
In base 4, what is -3 - 1301311133333?
-1301311200002
In base 12, what is 511974 - 10?
511964
In base 3, what is 10 - -122222020202221?
122222020210001
In base 16, what is -71db - 220?
-73fb
In base 4, what is -33332 + -1122223?
-1222221
In base 8, what is 4 + -1046101504?
-1046101500
In base 16, what is 1 + 28b6b11?
28b6b12
In base 4, what is 3112230000 + -333?
3112223001
In base 7, what is 16212 + -3516?
12363
In base 11, what is -965460 - -25?
-965436
In base 9, what is -1381343870 + 2?
-1381343867
In base 7, what is 1 + 23654322?
23654323
In base 3, what is 10 + -2012211110011100?
-2012211110011020
In base 13, what is -1b653 + -440?
-1ba93
In base 9, what is 1720406 - 6?
1720400
In base 14, what is -9b0d5 + 1?
-9b0d4
In base 11, what is -a4232 + -559?
-a4790
In base 9, what is -5 + -30666051?
-30666056
In base 9, what is 28836 - 3548?
25277
In base 8, what is -1 - 1335135353?
-1335135354
In base 7, what is -140535 - -30565?
-106640
In base 9, what is 237 - 342845?
-342607
In base 3, what is -21010102101221 + -2?
-21010102102000
In base 14, what is -1 - c074d48?
-c074d49
In base 4, what is -33 - -2133302022021?
2133302021322
In base 15, what is 0 - -4987aa6?
4987aa6
In base 12, what is 97514 - -306?
9781a
In base 3, what is -10 - 21102102100102211?
-21102102100102221
In base 6, what is -10330241111 + -1?
-10330241112
In base 2, what is 1110 - 10101000110111101111010?
-10101000110111101101100
In base 3, what is -1222210 + 22111222?
20112012
In base 11, what is -aa8505 - 4?
-aa8509
In base 2, what is 111110111111 + -1101010100101?
-101011100110
In base 13, what is 2666a1 - -3?
2666a4
In base 12, what is 258b + -9942?
-7373
In base 16, what is -2 - -263062?
263060
In base 3, what is 121022201222201 - 2?
121022201222122
In base 8, what is -4 - 11107571?
-11107575
In base 13, what is 2 + -935988?
-935986
In base 15, what is aa6 + -7a99c?
-79de6
In base 3, what is 2100 - -1010122121212?
1010122201012
In base 12, what is -316 + 13980?
13666
In base 4, what is 33022210102 - -111?
33022210213
In base 4, what is -10 + 1233322120233?
1233322120223
In base 10, what is 10612377 + 49?
10612426
In base 3, what is -121022201 - 1022201211?
-1221001112
In base 13, what is -276202b - -1?
-276202a
In base 3, what is 1101211 - 122201212020?
-122200110102
In base 4, what is 1110 - -1001310200?
1001311310
In base 16, what is -5 + 21b91?
21b8c
In base 4, what is 13 + 11130102220003?
11130102220022
In base 4, what is -20 + 230313122202?
230313122122
In base 11, what is 11339 - 3616?
8823
In base 8, what is 12 - 132420416?
-132420404
In base 8, what is -2110176 - 42?
-2110240
In base 5, what is 3 - -303240130213?
303240130221
In base 8, what is 1563565 + 10?
1563575
In base 6, what is -1 - -2311031?
2311030
In base 8, what is 1562332 + 36?
1562370
In base 11, what is -442 - 4062?
-44a4
In base 13, what is 81 - -68657?
68708
In base 11, what is 0 - -24837551?
24837551
In base 9, what is 4 - 78613780?
-78613775
In base 4, what is 23312221 + -21020?
23231201
In base 14, what is -5 + -1279da9?
-1279db0
In base 14, what is 9 - b84b7?
-b84ac
In base 3, what is 10 + -12221001222210202?
-12221001222210122
In base 3, what is -10010111 + -10000212012?
-10010222200
In base 4, what is -3123321212 - 200?
-3123322012
In base 12, what is -3 + 1592a62?
1592a5b
In base 14, what is -600b3 - -143?
-5dd70
In base 3, what is -120211122000 + 2221?
-120211112002
In base 6, what is -5203 - -3143043?
3133440
In base 14, what is -34443 + -77?
-344ba
In base 15, what is a208 + 1b6b?
bd74
In base 5, what is 1043 + -120110344?
-120104301
In base 12, what is -a - -2a9a3ab?
2a9a3a1
In base 14, what is 4c - -355d61?
355dad
In base 6, what is -3123433 + 4243?
-3115150
In base 3, what is 11 + -2120201122010?
-2120201121222
In base 16, what is -5 - -255c1bc?
255c1b7
In base 14, what is -2110 + -a17d?
-c28d
In base 16, what is -5e7183 - 1?
-5e7184
In base 8, what is -2043 - 10165?
-12230
In base 3, what is -21121210101010122 - -11?
-21121210101010111
In base 4, what is 1022301 - 133212?
223023
In base 10, what is -227848 + -14?
-227862
In base 15, what is 85eb5e - 6?
85eb58
In base 15, what is -45a38 - 305?
-45d3d
In base 9, what is 3 - 1478735?
-1478732
In base 8, what is 1516712 + -224?
1516466
In base 7, what is 52 - -1531633?
1532015
In base 4, what is -303 + 30333321300?
30333320331
In base 10, what is -3 + 273908990?
273908987
In base 6, what is -130405110 + -3101?
-130412211
In base 3, what is -122200120 - 100222010?
-1000122200
In base 16, what is 3 - -280e4d?
280e50
In base 2, what is -111110110011 - -1111001011?
-101111101000
In base 15, what is a3d10e + -20?
a3d0de
In base 11, what is 62 + 354525?
354587
In base 13, what is -36 + 183075c?
1830726
In base 12, what is 281 + -2847?
-2586
In base 11, what is -848 + -14401?
-15149
In base 9, what is -620355 - -40?
-620315
In base 16, what is be + -eb85f?
-eb7a1
In base 12, what is 45631 - -414?
45a45
In base 5, what is -241 - 34340113?
-34340404
In base 13, what is 654 - 1333?
-9ac
In base 12, what is 41a18993 + -6?
41a18989
In base 7, what is 125 + 352136?
352264
In base 9, what is 6507214 + -2?
6507212
In base 6, what is -12512 + 22521?
10005
In base 16, what is 4aa15 - -1?
4aa16
In base 7, what is 200 + 61013?
61213
In base 15, what is 5 - -82ac4a?
82ac50
In base 3, what is 10010010 + 10002200?
20012210
In base 11, what is -58697 + 12?
-58685
In base 2, what is 11000111001011100011 - 1001010?
11000111001010011001
In base 10, what is -24383 + -7020?
-31403
In base 13, what is 666c1b + -5?
666c16
In base 15, what is -20cc34 - 0?
-20cc34
In base 11, what is -2055 - 2589?
-4633
In base 3, what is 2112111210011120 + -12?
2112111210011101
In base 11, what is -2a8071 - -12?
-2a805a
In base 8, what is 1 - 2523464706?
-2523464705
In base 4, what is -10101020 + -1110310?
-11211330
In base 13, what is 4322 - 77?
4278
In base 12, what is -18 - -5a0b669?
5a0b651
In base 12, what is -548b4808 - 3?
-548b480b
In base 6, what is -23 - 323320214?
-323320241
In base 12, what is b638 - -12459?
21a95
In base 15, what is 12a525 + -11d?
12a407
In base 5, what is -124001422 - -3?
-124001414
In base 13, what is 702145b + 2?
7021460
In base 14, what is 59a9101 + 2?
59a9103
In base 